{"id":145,"date":"2017-12-18T18:15:16","date_gmt":"2017-12-18T18:15:16","guid":{"rendered":"http:\/\/alfasaga.nl\/?page_id=145"},"modified":"2023-02-16T15:04:06","modified_gmt":"2023-02-16T15:04:06","slug":"k-b","status":"publish","type":"page","link":"https:\/\/alfasaga.nl\/?page_id=145","title":{"rendered":"K.B."},"content":{"rendered":"<p>Klaus-Bl\u00e9si (roepnaam K.B.) is een vrolijk, stoer, zelfverzekerd IJslands paard. Altijd in voor iets leuks en zeer mensgericht. Als je zelf geen contact met hem zoekt, doet hij dat wel! Hoe meer aandacht hoe beter, en het onderdeel verzorging vindt hij heerlijk. K.B. heeft stabiele gangen met een fijne cadans waarbinnen hij ook goed kan versnellen en vertragen. Dit veelzijdige paard loopt ook met veel plezier voor de wagen, kinderen vinden dit erg leuk om te doen. Hij heeft sinds kort ook een nieuwe hobby, boomstammen slepen! Hij is verbazingwekkend sterk voor zijn grootte, en erg dapper. Hij doet niet onder voor de grote trekpaarden!<\/p>\n<p>Zijn &#8216;extra versnelling&#8217;, de t\u00f6lt, kan desgewenst ook ingezet worden. Deze vierde gang is karakteristiek aan het IJslandse paard; sommigen hebben er zelfs nog een vijfde gang bij, de telgang. De t\u00f6lt zit zeer comfortabel, het paard gooit hierbij niet op omdat er altijd \u00e9\u00e9n been aan de grond blijft.<\/p>\n<p>&nbsp;<\/p>\n<table style=\"border: none; text-align: center;\">\n<tbody>\n<tr>\n<td style=\"border: none;\"><img decoding=\"async\" loading=\"lazy\" class=\"alignnone wp-image-862 size-medium\" src=\"http:\/\/alfasaga.nl\/wp-content\/uploads\/2020\/01\/20180203_112401-300x169.jpg\" alt=\"\" width=\"300\" height=\"169\" srcset=\"https:\/\/alfasaga.nl\/wp-content\/uploads\/2020\/01\/20180203_112401-300x169.jpg 300w, https:\/\/alfasaga.nl\/wp-content\/uploads\/2020\/01\/20180203_112401-768x432.jpg 768w, https:\/\/alfasaga.nl\/wp-content\/uploads\/2020\/01\/20180203_112401-700x394.jpg 700w\" sizes=\"(max-width: 300px) 100vw, 300px\" \/><\/td>\n<td style=\"border: none;\"><img decoding=\"async\" loading=\"lazy\" class=\"float-left-padding alignnone wp-image-200 size-medium\" src=\"http:\/\/alfasaga.nl\/wp-content\/uploads\/2017\/12\/20171020_092917-e1513630617214-169x300.jpg\" alt=\"\" width=\"169\" height=\"300\" srcset=\"https:\/\/alfasaga.nl\/wp-content\/uploads\/2017\/12\/20171020_092917-e1513630617214-169x300.jpg 169w, https:\/\/alfasaga.nl\/wp-content\/uploads\/2017\/12\/20171020_092917-e1513630617214-768x1365.jpg 768w, https:\/\/alfasaga.nl\/wp-content\/uploads\/2017\/12\/20171020_092917-e1513630617214-700x1244.jpg 700w, https:\/\/alfasaga.nl\/wp-content\/uploads\/2017\/12\/20171020_092917-e1513630617214-360x640.jpg 360w\" sizes=\"(max-width: 169px) 100vw, 169px\" \/><\/td>\n<td style=\"border: none;\"><img decoding=\"async\" loading=\"lazy\" class=\"alignnone wp-image-471 size-medium\" src=\"http:\/\/alfasaga.nl\/wp-content\/uploads\/2018\/02\/20161129_085526-300x169.jpg\" alt=\"\" width=\"300\" height=\"169\" srcset=\"https:\/\/alfasaga.nl\/wp-content\/uploads\/2018\/02\/20161129_085526-300x169.jpg 300w, https:\/\/alfasaga.nl\/wp-content\/uploads\/2018\/02\/20161129_085526-768x432.jpg 768w, https:\/\/alfasaga.nl\/wp-content\/uploads\/2018\/02\/20161129_085526-700x394.jpg 700w, https:\/\/alfasaga.nl\/wp-content\/uploads\/2018\/02\/20161129_085526-640x360.jpg 640w\" sizes=\"(max-width: 300px) 100vw, 300px\" \/><\/td>\n<\/tr>\n<\/tbody>\n<\/table>\n<p><img decoding=\"async\" loading=\"lazy\" class=\"alignnone size-medium wp-image-1084\" src=\"http:\/\/alfasaga.nl\/wp-content\/uploads\/2022\/02\/20211224_135328-300x225.jpg\" alt=\"\" width=\"300\" height=\"225\" srcset=\"https:\/\/alfasaga.nl\/wp-content\/uploads\/2022\/02\/20211224_135328-300x225.jpg 300w, https:\/\/alfasaga.nl\/wp-content\/uploads\/2022\/02\/20211224_135328-768x576.jpg 768w, https:\/\/alfasaga.nl\/wp-content\/uploads\/2022\/02\/20211224_135328-700x525.jpg 700w\" sizes=\"(max-width: 300px) 100vw, 300px\" \/><\/p>\n","protected":false},"excerpt":{"rendered":"<p>Klaus-Bl\u00e9si (roepnaam K.B.) is een vrolijk, stoer, zelfverzekerd IJslands paard. Altijd in voor iets leuks en zeer mensgericht. Als je zelf geen contact met hem zoekt, doet hij dat wel! Hoe meer aandacht hoe beter, en het onderdeel verzorging vindt<\/p>\n","protected":false},"author":1,"featured_media":0,"parent":0,"menu_order":0,"comment_status":"closed","ping_status":"closed","template":"","meta":{"ngg_post_thumbnail":0},"_links":{"self":[{"href":"https:\/\/alfasaga.nl\/index.php?rest_route=\/wp\/v2\/pages\/145"}],"collection":[{"href":"https:\/\/alfasaga.nl\/index.php?rest_route=\/wp\/v2\/pages"}],"about":[{"href":"https:\/\/alfasaga.nl\/index.php?rest_route=\/wp\/v2\/types\/page"}],"author":[{"embeddable":true,"href":"https:\/\/alfasaga.nl\/index.php?rest_route=\/wp\/v2\/users\/1"}],"replies":[{"embeddable":true,"href":"https:\/\/alfasaga.nl\/index.php?rest_route=%2Fwp%2Fv2%2Fcomments&post=145"}],"version-history":[{"count":19,"href":"https:\/\/alfasaga.nl\/index.php?rest_route=\/wp\/v2\/pages\/145\/revisions"}],"predecessor-version":[{"id":1195,"href":"https:\/\/alfasaga.nl\/index.php?rest_route=\/wp\/v2\/pages\/145\/revisions\/1195"}],"wp:attachment":[{"href":"https:\/\/alfasaga.nl\/index.php?rest_route=%2Fwp%2Fv2%2Fmedia&parent=145"}],"curies":[{"name":"wp","href":"https:\/\/api.w.org\/{rel}","templated":true}]}}